te the remainder when 47 is divided by m.
2
Let g(k) = 55*k**2 - 3*k - 3. What is the remainder when g(-1) is divided by 14?
13
Suppose 0 = -26*o + 22*o + 8. Calculate the remainder when ((-24)/o)/(1*(-3)/8) is divided by 18.
14
Let b(i) = i**3 + 22*i**2 + 19*i - 22. Suppose -g + 4*g = 2*y + 39, 2*g + 2 = 0. What is the remainder when b(y) is divided by 7?
6
Let h = -38 + 33. Let o(c) = -14*c + 27. Let g(t) = -4*t**3 - t**2 - 4*t - 3. Calculate the remainder when o(h) is divided by g(-2).
31
Let p = 25 + -20. Suppose -3*j = p*s - 221, j - 27 = -5*s + 190. Calculate the remainder when s is divided by 15.
13
Suppose -394 - 36 = -5*f. Suppose 1012 = -75*i + 121*i. What is the remainder when f is divided by i?
20
Let o = 16 - -2. Suppose 5*x - 34 = 3*x - d, -5*x + 4*d + 59 = 0. Suppose -4*a + x = -a. Calculate the remainder when o is divided by a.
3
Let i = -116 - -44. Let j = i + 85. Calculate the remainder when 35 is divided by j.
9
Let f = 293 - 260. Calculate the remainder when 52 is divided by f.
19
Let t be 2/((-1)/(1 - 2)). What is the remainder when (-3)/(-6) - (485/t)/(-5) is divided by 17?
15
Suppose j = 13*p - 16*p + 4584, 0 = -4*p + 2*j + 6112. Calculate the remainder when p is divided by 90.
88
Suppose u - 21 = 5. Suppose 0 = 4*s - u - 82. What is the remainder when s is divided by 10?
7
Suppose -j + 588 = 5*j. Suppose 3*f = -4*f + j. What is the remainder when 286/(-33)*(-12)/2 is divided by f?
10
Let h(a) = 2*a**2 - 5*a - 3. Let d be h(4). Calculate the remainder when 35 is divided by -8*(-15)/d + 2/3.
7
Let h(y) = y**2 - 2*y + 1. Let f be 5/(-2)*10/(-25) + 0. Let j(p) = 11*p**3 - p**2 - p. What is the remainder when h(-3) is divided by j(f)?
7
Let f be (-6)/15 + (-154)/(-35). Suppose 0 = r - 2*d - 20 - 81, 4*d - f = 0. What is the remainder when r is divided by 26?
25
Suppose -28*s + 23*s + 60 = 0. What is the remainder when 105 is divided by s?
9
Calculate the remainder when (9400/(-80))/(20/(-16)) is divided by 20.
14
Let s = 1905 + -1741. What is the remainder when s is divided by 6?
2
Let n be (1053/(-6))/((-2)/(-4)). Let m = -196 - n. Calculate the remainder when m is divided by 52.
51
Suppose 88 = 4*n - 4*j, 47 = 2*n - 2*j + j. What is the remainder when (-4 + (-64)/(-20))/((-2)/245) is divided by n?
23
Let j(w) = 6*w - 275. What is the remainder when 381 is divided by j(62)?
90
Suppose -3*f - 57 = -6*f. Let w = -70 + 72. Suppose -3*b - 232 = -w*p - 93, b - 3 = 0. Calculate the remainder when p is divided by f.
17
Suppose -2*a = 3*k - 22, 11 - 1 = 5*k - 2*a. Suppose -11 = -k*r + 17. Calculate the remainder when 40 is divided by r.
5
Suppose 2*x + 18 = 2*f + 138, 5*x + 5*f = 330. Let l = 5912 - 5899. Calculate the remainder when x is divided by l.
11
Suppose 2*r = b + 152 - 39, 2*r = 5*b + 117. What is the remainder when 108 is divided by r?
52
Let p be (-37)/(-3) + (-6)/(-9). Let u be -6 + 12 + -4 - -2. Suppose 0*y - 5*i = y - p, 4 = -u*i. What is the remainder when 71 is divided by y?
17
Let j = 92 - 135. Let l = 75 + j. What is the remainder when 92 is divided by l?
28
Let k(v) = -3*v**2 + 45*v - 64. Calculate the remainder when 58 is divided by k(13).
2
Let r = -23 + 32. Calculate the remainder when r is divided by 3.
0
Let z(r) = r**3 - 3*r - 1. Let m be z(0). Calculate the remainder when ((0 - m)*-2)/((-5)/200) is divided by 14.
10
Let r = 18 + -11. Suppose -r*q + 3*q = l - 19, 5*l - 4*q = 23. Calculate the remainder when 34 is divided by l.
6
Calculate the remainder when 305 is divided by 6/((-1)/3 - (-35)/60).
17
Let v(a) = -18*a + 146. Let z = 14 + -7. Calculate the remainder when v(7) is divided by z.
6
Suppose -4*u + 2*a = -a - 405, 309 = 3*u + 3*a. Calculate the remainder when u is divided by 26.
24
Suppose -2*f = -2 - 4. Suppose f*u - 5*u = -20. Let g(h) = h**3 - 9*h**2 - 9*h + 2. What is the remainder when 21 is divided by g(u)?
9
Suppose 0 = -11*x + 8*x + 15. Suppose 118 = l - x*s, -3*s - 9 = 3. What is the remainder when l is divided by 33?
32
Let j(i) = 2*i**3 - 31*i**2 + 2*i + 30. What is the remainder when j(16) is divided by 16?
14
Let g(z) = 35*z - 18. Let i be g(4). Suppose -5*v = 42 - i. What is the remainder when 27 is divided by v?
11
Let l = 132 - 210. Let i be 5 + -8 + l/(-2). Let t = i - -7. Calculate the remainder when t is divided by 15.
13
Let v(n) = -n**3 + 4*n**2 - 4*n + 7. Let t be v(3). Suppose 97 = t*m + 3*o, -2*o - 13 = -m + 3. What is the remainder when m is divided by 5?
2
Suppose 5*f + 5*d - 285 = 0, 43 + 19 = f + 2*d. Suppose 3*s - 44 = -s. Calculate the remainder when f is divided by s.
8
Let u(d) = -d**3 + 23*d**2 - 18*d - 71. Calculate the remainder when 201 is divided by u(22).
14
Let j(d) = -d**3 - 3*d**2 + 5*d - 7. Let w be j(-5). Let y be 8/(-2)*w/(-8). Calculate the remainder when y/(-3)*146/(-6) is divided by 19.
16
Let d(s) = 96*s + 7. Let y be d(2). Suppose 3*h - 266 = -4*u, -3*u - 2*h + y = -0*h. Calculate the remainder when u is divided by 11.
10
Let s be 346/(-5*(-2)/5). Let j = s + -154. What is the remainder when 110 is divided by j?
15
Suppose 2180 = -2*w + 7*w. Suppose -w = -2*b - 5*o, -o - 563 = -4*b + 309. Calculate the remainder when b is divided by 44.
42
Suppose -31 = -5*b + 2*g, -5*b - 3*g + 2*g = -37. Let u = b + -5. What is the remainder when u is divided by 2?
0
Let y = 358 + -342. What is the remainder when 217 is divided by y?
9
Suppose 0 = 5*r + 4*y - 698, -2*r + 144 = -r + 3*y. What is the remainder when r is divided by 38?
24
Suppose -2*n + 8 = 2*n. Suppose n*j = 8, 5*z = -j - j + 98. Suppose 4*d = 16, -5*f + 60 = -3*d - z. Calculate the remainder when 87 is divided by f.
15
Let i(r) be the third derivative of r**5/60 + r**4/6 + 3*r**3/2 - r**2. What is the remainder when 16 is divided by i(-4)?
7
Let a be (-5)/(-4)*(-272)/(-170). Let z = 7 - -5. Calculate the remainder when ((116 - 2) + 2)*a/4 is divided by z.
10
Suppose -4*c = z - 1962, -5*c + 2444 = -0*z - 3*z. What is the remainder when c/(-21)*9/(-6) is divided by 13?
9
Calculate the remainder when ((-8)/20)/(10/(-3650)) is divided by 25.
21
Let d(a) = a**3 - 26*a**2 + 20*a + 1. Let m be d(25). What is the remainder when (-2)/1 - (-10 + m) is divided by 45?
42
Suppose -3*y - 24 = 5*t - y, 3*t - y = -21. Let o = t - -10. Suppose -d + o*d = -2*p, -d = -p - 5. What is the remainder when d is divided by 1?
0
Let s be (-84)/(-30) + (-2)/(-10). Suppose 0 = -x - s*x + 12. Calculate the remainder when 10 is divided by x.
1
Calculate the remainder when (-81 + -1)/(-12 + 1640/140) is divided by 98.
91
Suppose -3*v + 6*y + 175 = 2*y, -y = -5*v + 303. Let u be (-5)/(-1 + 2 + -2). Calculate the remainder when v is divided by 107/u + (-4)/10.
19
Let y be (-4)/22 - (-57)/11. Suppose h - y*o + 3 = 0, 2*h + o - 48 = 1. What is the remainder when h is divided by 12?
10
Let b(d) = 3*d**2 - 98*d - 19. Calculate the remainder when 1075 is divided by b(33).
11
Let w be (2/(-4))/(1/(-4)). Suppose -35 = -a - 4*m, 8*a + 79 = 13*a - 4*m. What is the remainder when a is divided by ((-2)/3)/(w/(-21))?
5
Let j(u) be the second derivative of u**4/12 + 3*u**3/2 + 7*u**2/2 + 3*u. Calculate the remainder when 17 is divided by j(-9).
3
Suppose 3 = 3*z - 27. Suppose y - 228 = 5*y. Calculate the remainder when (8/(-12))/(2/y) is divided by z.
9
Suppose 260 = 11*t + 7. Suppose 4*d = 3*d - 108. Let w = d + 152. Calculate the remainder when w is divided by t.
21
Let n be (-27)/(-12) + (-1)/4. Suppose 61 = n*d + 13. Suppose 0*g + 8*g - 104 = -0*g. What is the remainder when d is divided by g?
11
Let o(w) = 18*w**3 - w**2 + w. Let m be o(1). Let d = 123 - 123. Suppose -5*v - 10 = d, -4*t - m = -5*v - 168. What is the remainder when t is divided by 18?
17
Let m = 82 - 75. What is the remainder when 237 is divided by m?
6
Let j(k) be the third derivative of k**5/60 + k**4/3 - 8*k**3/3 - 9*k**2. What is the remainder when 63 is divided by j(-12)?
31
Let t(s) = s**3 + 9*s**2 - s - 3. Let j be t(-9). Let l(q) = -3*q**2 + 20*q - 1. Calculate the remainder when 18 is divided by l(j).
7
Suppose -4*d = 5*i + 17, 0 = -5*d + 4*i - 9 + 39. Let f(v) = 17*v**3 + 2*v**2 - v - 4. Let q = 80 + -45. What is the remainder when f(d) is divided by q?
33
Let p(o) = o - 1. Let y be p(-7). Let m be ((-4)/y)/(1/8). Suppose k = -5*a + m*k + 85, 5*k = -2*a + 65.